1570?
1558
Calculate the remainder when 5425015 is divided by 2073.
2047
Calculate the remainder when 162662 is divided by 228.
98
What is the remainder when 36734 is divided by 11396?
2546
What is the remainder when 1920829 is divided by 28242?
373
What is the remainder when 9250969 is divided by 69?
1
Calculate the remainder when 40979 is divided by 3706.
213
Calculate the remainder when 108510 is divided by 52659.
3192
Calculate the remainder when 251850035 is divided by 6.
5
What is the remainder when 6764479 is divided by 1287?
7
Calculate the remainder when 2311686 is divided by 462249.
441
Calculate the remainder when 10236024 is divided by 2579.
2552
Calculate the remainder when 584954 is divided by 748.
18
What is the remainder when 38124166 is divided by 289?
153
Calculate the remainder when 3546106 is divided by 105.
46
What is the remainder when 872449702 is divided by 588?
586
What is the remainder when 1400806 is divided by 148?
134
Calculate the remainder when 86108322 is divided by 59.
5
Calculate the remainder when 748855 is divided by 864.
631
What is the remainder when 36678 is divided by 36399?
279
What is the remainder when 11107346 is divided by 1851217?
44
Calculate the remainder when 1942840 is divided by 8.
0
Calculate the remainder when 6947 is divided by 189.
143
What is the remainder when 3322055 is divided by 5207?
5196
What is the remainder when 76923 is divided by 704?
187
Calculate the remainder when 266517 is divided by 636.
33
Calculate the remainder when 98433 is divided by 3054.
705
What is the remainder when 68724 is divided by 3273?
3264
Calculate the remainder when 40861530 is divided by 2793.
2733
Calculate the remainder when 8048713 is divided by 59.
51
Calculate the remainder when 4399090 is divided by 3007.
2856
Calculate the remainder when 17732530 is divided by 1773248.
50
What is the remainder when 439135 is divided by 1425?
235
What is the remainder when 43191 is divided by 7031?
1005
Calculate the remainder when 4998061 is divided by 7.
5
Calculate the remainder when 415742 is divided by 314.
6
Calculate the remainder when 75136 is divided by 24934.
334
Calculate the remainder when 1828757 is divided by 35.
7
Calculate the remainder when 11704080 is divided by 487670.
0
Calculate the remainder when 245521 is divided by 6461.
3
What is the remainder when 12413008 is divided by 106?
90
What is the remainder when 1301853 is divided by 650915?
23
Calculate the remainder when 180193 is divided by 83.
0
Calculate the remainder when 51093942 is divided by 45.
42
Calculate the remainder when 3043640 is divided by 1014370.
530
What is the remainder when 1377239 is divided by 33?
17
What is the remainder when 15113777 is divided by 5037920?
17
Calculate the remainder when 20905766 is divided by 5226424.
70
Calculate the remainder when 15777049 is divided by 73.
70
What is the remainder when 82824 is divided by 10312?
328
What is the remainder when 3619616 is divided by 116746?
490
What is the remainder when 12095 is divided by 5987?
121
What is the remainder when 4366171 is divided by 39?
4
Calculate the remainder when 23692277 is divided by 3384609.
14
Calculate the remainder when 8045141 is divided by 1149304.
13
What is the remainder when 2921327 is divided by 668?
163
What is the remainder when 92844 is divided by 14858?
3696
What is the remainder when 264508 is divided by 37773?
97
Calculate the remainder when 7968275 is divided by 1904.
35
Calculate the remainder when 44626446 is divided by 39146.
6
Calculate the remainder when 15010423 is divided by 3086.
119
Calculate the remainder when 3543355 is divided by 506048.
1019
What is the remainder when 111168 is divided by 25649?
8572
What is the remainder when 193708 is divided by 2316?
1480
What is the remainder when 55243979 is divided by 48?
11
Calculate the remainder when 4145078 is divided by 692.
690
Calculate the remainder when 33151544 is divided by 6.
2
Calculate the remainder when 369591 is divided by 16066.
73
Calculate the remainder when 16561334 is divided by 105.
104
What is the remainder when 5704473 is divided by 496?
473
Calculate the remainder when 3769723 is divided by 49598.
275
What is the remainder when 164661972 is divided by 14420?
14412
What is the remainder when 54284332 is divided by 1704?
4
Calculate the remainder when 42426470 is divided by 325.
320
What is the remainder when 3158120 is divided by 463?
460
What is the remainder when 488187 is divided by 23?
12
Calculate the remainder when 12867308 is divided by 677226.
14
Calculate the remainder when 442980 is divided by 44.
32
What is the remainder when 16891123 is divided by 3684?
3667
What is the remainder when 687437 is divided by 180?
17
What is the remainder when 9730309 is divided by 713?
711
Calculate the remainder when 23428850 is divided by 55.
5
What is the remainder when 163271 is divided by 6277?
69
What is the remainder when 8052540 is divided by 58?
52
What is the remainder when 11023 is divided by 2388?
1471
What is the remainder when 2313978 is divided by 47224?
2
Calculate the remainder when 11717494 is divided by 11.
8
What is the remainder when 35345361 is divided by 10?
1
What is the remainder when 47303 is divided by 3213?
2321
Calculate the remainder when 7923740 is divided by 68308.
12
What is the remainder when 37600650 is divided by 5136?
5130
Calculate the remainder when 337223792 is divided by 129.
119
What is the remainder when 1527334 is divided by 490?
4
Calculate the remainder when 289855 is divided by 25404.
10411
What is the remainder when 33570871 is divided by 8392712?
23
What is the remainder when 2077178 is divided by 51?
50
Calculate the remainder when 5811728 is divided by 264168.
32
Calculate the remainder when 17623385 is divided by 2937228.
17
Calculate the remainder when 496169 is divided by 164759.
1892
Calculate the remainder when 6868 is divided by 3194.
480
Calculate the remainder when 276640852 is divided by 122.
118
What is the remainder when 450860 is divided by 1660?
1000
What is the remainder when 110252274 is divided by 26?
2
What is the remainder when 3092950 is divided by 59?
52
Calculate the remainder when 29907003 is divided by 5893.
28
Calculate the remainder when 1322016 is divided by 120171.
135
What is the remainder when 97541 is divided by 31979?
1604
Calculate the remainder when 1397272 is divided by 2992.
8
Calculate the remainder when 949094 is divided by 2743.
16
What is the remainder when 20318484 is divided by 554?
534
Calculate the remainder when 1279916 is divided by 78.
14
What is the remainder when 6893157 is divided by 2167?
2097
Calculate the remainder when 10452624 is divided by 403.
13
Calculate the remainder when 5285062 is divided by 69.
7
What is the remainder when 1892049057 is divided by 220?
217
Calculate the remainder when 1184737 is divided by 285.
277
Calculate the remainder when 30708980 is divided by 2559081.
8
What is the remainder when 667678 is divided by 833?
445
Calculate the remainder when 609579 is divided by 4206.
3915
What is the remainder when 5439052 is divided by 115?
12
What is the remainder when 2017281 is divided by 54519?
78
Calculate the remainder when 1152957 is divided by 53.
48
What is the remainder when 379397 is divided by 2244?
161
What is the remainder when 21412509 is divided by 445?
444
Calculate the remainder when 4085848 is divided by 583681.
81
Calculate the remainder when 1555572 is divided by 1987.
1738
Calculate the remainder when 11648979 is divided by 3000.
2979
Calculate the remainder when 1764451 is divided by 35.
31
What is the remainder when 3143735 is divided by 15335?
60
Calculate the remainder when 1157866 is divided by 1925.
941
Calculate the remainder when 352966 is divided by 3043.
3021
Calculate the remainder when 3295622 is divided by 17.
2
Calculate the remainder when 2135367 is divided by 790.
787
Calculate the remainder when 355830 is divided by 15665.
11200
Calculate the remainder when 41890582 is divided by 25.
7
Calculate the remainder when 98817721 is divided by 41.
13
Calculate the remainder when 2201764 is divided by 27.
22
Calculate the remainder when 1260397 is divided by 1290.
67
What is the remainder when 172928 is divided b